2103936?
True
Does 57 divide 3175756254?
True
Is 511209454 a multiple of 4711?
True
Does 3690 divide 56954597?
False
Is 203 a factor of 802531?
False
Does 13 divide 25912203?
False
Does 52 divide 2612358827?
False
Does 1204 divide 3674839168?
True
Is 12 a factor of 75375374?
False
Does 13 divide 30353297?
True
Does 9 divide 685683900?
True
Is 1157559192 a multiple of 9?
True
Is 3018 a factor of 1368333716?
False
Is 1173730675 a multiple of 128?
False
Does 9 divide 313798575?
False
Is 44 a factor of 208889296?
True
Is 72 a factor of 1955680272?
True
Is 319087026 a multiple of 1539?
True
Does 13 divide 13070525?
True
Is 174245467 a multiple of 23?
False
Does 66 divide 14986950?
True
Is 422555236 a multiple of 3?
False
Does 11 divide 1024367168?
True
Is 22 a factor of 354358875?
False
Is 119 a factor of 10709625?
False
Does 161 divide 38130699?
False
Is 98262751 a multiple of 39?
False
Is 76 a factor of 319307803?
False
Is 11376628 a multiple of 524?
False
Does 1335 divide 10981710?
True
Does 64 divide 43680384?
True
Does 74 divide 2509677964?
False
Does 88 divide 172778672?
True
Is 29 a factor of 2742891688?
True
Is 7175394 a multiple of 28?
False
Is 1020252746 a multiple of 178?
True
Is 71860952 a multiple of 103?
False
Does 35 divide 281673145?
False
Is 3250 a factor of 390848536?
False
Is 291220920 a multiple of 30?
True
Is 11106 a factor of 2898782214?
False
Is 158195178 a multiple of 4026?
False
Is 37275996 a multiple of 12?
True
Does 8 divide 27366480?
True
Does 157 divide 243512809?
True
Is 2192 a factor of 208107037?
False
Does 44 divide 35391312?
True
Is 12199994 a multiple of 75?
False
Does 117 divide 659593467?
True
Is 586 a factor of 342760000?
False
Does 16 divide 11932715?
False
Is 118 a factor of 60120410?
True
Is 2605779228 a multiple of 2028?
True
Is 10871600 a multiple of 16?
True
Is 190 a factor of 224253478?
False
Is 1418626526 a multiple of 829?
False
Is 2 a factor of 1536795?
False
Is 6315 a factor of 2066716365?
True
Is 14 a factor of 3228232?
True
Does 176 divide 35023296?
True
Is 2141 a factor of 66323070?
False
Does 44 divide 2973624?
False
Is 5 a factor of 916599?
False
Is 77696906 a multiple of 16?
False
Does 418 divide 64658517?
False
Does 68 divide 3877029520?
True
Does 33 divide 2210337723?
True
Does 4276 divide 681350668?
True
Is 40640424 a multiple of 67?
False
Does 7 divide 369569711?
True
Is 9 a factor of 223152972?
False
Does 386 divide 1600663473?
False
Is 29168468 a multiple of 14?
True
Is 43306425 a multiple of 1305?
True
Is 177005828 a multiple of 8?
False
Does 12 divide 3626044644?
True
Does 10 divide 3254529243?
False
Is 55477305 a multiple of 533?
True
Is 153232820 a multiple of 4?
True
Does 639 divide 332555409?
True
Is 66 a factor of 29015514?
True
Does 4977 divide 50138298?
True
Is 2359845072 a multiple of 4437?
True
Does 153 divide 175769805?
False
Does 527 divide 688638661?
False
Is 3 a factor of 283887948?
True
Is 1877 a factor of 3435656?
False
Is 109179350 a multiple of 272?
False
Does 63 divide 168699553?
False
Is 6 a factor of 705808027?
False
Does 376 divide 1655546424?
True
Is 162 a factor of 669504366?
True
Is 41 a factor of 9763993?
False
Is 89515717 a multiple of 4?
False
Is 1346 a factor of 22885045?
False
Is 62673559 a multiple of 74?
False
Is 8925094 a multiple of 106?
True
Is 290183045 a multiple of 11?
False
Does 3 divide 1696005702?
True
Is 873607866 a multiple of 45?
False
Is 508790776 a multiple of 26?
True
Is 471659709 a multiple of 11?
False
Is 61104337 a multiple of 22?
False
Is 88961163 a multiple of 9?
False
Is 1855702780 a multiple of 8215?
True
Is 3545900119 a multiple of 1909?
False
Is 193845662 a multiple of 34?
True
Is 418608750 a multiple of 875?
True
Is 176260258 a multiple of 7?
False
Is 340 a factor of 15093058?
False
Is 1036351368 a multiple of 468?
True
Is 13037332 a multiple of 7?
True
Is 783266462 a multiple of 22?
True
Does 5 divide 835279119?
False
Does 35 divide 42060655?
True
Is 23155762 a multiple of 1687?
True
Is 58607328 a multiple of 156?
True
Is 141763282 a multiple of 14?
False
Is 117 a factor of 479798?
False
Does 96 divide 1583074848?
True
Does 530 divide 2680058420?
True
Is 604043609 a multiple of 937?
True
Is 30 a factor of 7777465?
False
Does 40 divide 118541960?
True
Does 266 divide 124746020?
True
Does 2261 divide 16860277?
True
Is 1486 a factor of 824141295?
False
Does 1993 divide 30577273?
False
Is 59401248 a multiple of 97?
True
Is 114 a factor of 98756664?
False
Is 2324 a factor of 1296717552?
False
Does 437 divide 1128453589?
False
Is 355173107 a multiple of 23?
True
Is 2668 a factor of 1141036900?
True
Is 1265629 a multiple of 365?
False
Is 8 a factor of 13198064?
True
Is 1402 a factor of 122478720?
True
Does 13 divide 22988700?
False
Does 12 divide 66996396?
True
Is 39586676 a multiple of 17?
True
Is 13 a factor of 214773920?
False
Does 3951 divide 37060541?
False
Is 859 a factor of 2301503238?
True
Does 10 divide 81793557?
False
Does 112 divide 1235320574?
False
Does 1428 divide 71302896?
True
Is 2877949 a multiple of 19?
True
Does 868 divide 43561913?
False
Is 1442 a factor of 3149982668?
True
Does 6 divide 10467672?
True
Is 17597114 a multiple of 284?
False
Does 60 divide 778392?
False
Is 225747333 a multiple of 883?
False
Is 130 a factor of 48706970?
True
Does 2261 divide 139831545?
True
Is 10579066 a multiple of 41?
True
Is 10586144 a multiple of 395?
False
Does 44 divide 944443?
False
Is 5 a factor of 72512346?
False
Is 214 a factor of 13878114?
True
Does 35 divide 35337260?
True
Is 53052720 even?
True
Does 5 divide 284263259?
False
Is 8 a factor of 308649608?
True
Does 324 divide 90349992?
True
Is 14 a factor of 543619692?
True
Does 10 divide 85281960?
True
Is 40 a factor of 278487560?
True
Is 446 a factor of 102680321?
False
Is 55 a factor of 2646840185?
True
Is 3601044707 a multiple of 866?
False
Is 35 a factor of 52975602?
False
Is 53550052 a multiple of 664?
False
Is 361919190 a multiple of 1697?
True
Does 97 divide 713554542?
False
Does 7 divide 962150?
True
Does 28 divide 1247217526?
False
Does 16 divide 114636413?
False
Is 27 a factor of 76484358?
True
Does 135 divide 1349325?
True
Is 11 a factor of 703287596?
True
Is 680 a factor of 256665995?
False
Does 3 divide 121072917?
True
Is 212 a factor of 43396781?
False
Is 19401514 a multiple of 86?
True
Is 125 a factor of 8811750?
True
Does 35 divide 369442290?
True
Is 108239059 a multiple of 25?
False
Does 9 divide 71534784?
False
Does 2641 divide 181579314?
True
Is 361 a factor of 374959063?
False
Is 480 a factor of 10480349?
False
Is 28832081 a multiple of 2869?
False
Does 8 divide 35356146?
False
Does 5364 divide 322054560?
True
Is 9294138 a multiple of 63?
True
Is 138375360 a multiple of 276?
True
Is 21650134 a multiple of 5437?
True
Is 2196303 a multiple of 3?
True
Is 1979 a factor of 109321665?
False
Is 19419464 a multiple of 13?
False
Is 2371 a factor of 763882502?
False
Does 38 divide 40710276?
False
Is 79401004 a multiple of 150?
False
Is 118349448 a multiple of 42?
True
Is 30 a factor of 60685193?
False
Is 51801557 a multiple of 125?
False
Does 1208 divide 59508496?
True
Does 9 divide 1875239535?
False
Does 174 divide 96704719?
False
Does 6 divide 1363662?
True
Is 21 a factor of 34948095?
True
Is 7014492 a multiple of 16?
False
Does 74 divide 15517504?
True
Is 5 a factor of 25281930?
True
Is 462960427 a multiple of 2012?
False
Is 115802381 a multiple of 14?
False
Does 31 divide 336591597?
False
Is 1162112718 a multiple of 78?
True
Is 38618718 a multiple of 1226?
False
Is 92 a factor of 168660012?
True
Is 501646558 a multiple of 679?
True
Is 20795865 a multiple of 15?
True
Is 198013257 a multiple of 7?
False
Does 41 divide 37237102?
True
Is 370 a factor of 32488960?
True
Does 57 divide 54461733?
True
Does 33 divide 23795211?
True
Does 2691 divide 112376160?
True
Is 4494396 a multiple of 9?
False
Is 84723860 a multiple of 13?
True
Does 4410 divide 244344870?
True
Does 17 divide 22291995?
False
Is 61867116 a multiple of 9?
True
Is 12520117 a multiple of 18?
False
Does 3678 divide 9606936?
True
Is 155580027 a multiple of 5316?
False
Is 6 a factor of 107178163?
False
Does 571 divide 99153579?
True
Does 42 divide 668549?
False
Is 3 a factor of 4721213?
False
Does 649 div